what is -22652162 + 0?
-22652162
In base 14, what is -a + -170a?
-1716
In base 13, what is 4 - 23634?
-23630
In base 14, what is -487c9 - 2?
-487cb
In base 9, what is -3 - 265211?
-265214
In base 6, what is 225 - -1043?
1312
In base 3, what is -2 - -22222001?
22221222
In base 5, what is 40004 - -21?
40030
In base 13, what is 1b7 - 18b9?
-1702
In base 13, what is 78771 - -1?
78772
In base 9, what is 10 + 50667?
50677
In base 2, what is -1010010110 - -10100?
-1010000010
In base 14, what is d - 222b1?
-222a2
In base 3, what is 11100002 + -10?
11022222
In base 10, what is 116 - -817?
933
In base 8, what is -5733 + 1071?
-4642
In base 13, what is -8 - -1167b3?
1167a8
In base 12, what is -986a + 3?
-9867
In base 8, what is -14770546 - -4?
-14770542
In base 16, what is -81 + -1c6?
-247
In base 7, what is 156522 + 2?
156524
In base 9, what is 51382 - 30?
51352
In base 12, what is 5548b - -4?
55493
In base 10, what is 106 - -3?
109
In base 3, what is -120000202 + 10?
-120000122
In base 10, what is -9826 + 10?
-9816
In base 10, what is -11 + 86?
75
In base 13, what is -61321c - -1?
-61321b
In base 8, what is 13 + -1413644?
-1413631
In base 9, what is -501 + 11705?
11204
In base 11, what is -a796 - -14a?
-a647
In base 3, what is 1 + -11221201210?
-11221201202
In base 7, what is -542 + 314?
-225
In base 3, what is -1011 - -211220?
210202
In base 3, what is -10200022102200 - 1?
-10200022102201
In base 7, what is 331142 - -106?
331251
In base 12, what is 12487 - 1a7?
122a0
In base 12, what is 1 - -11120?
11121
In base 10, what is 3604 - 8?
3596
In base 4, what is 22 + -10103203?
-10103121
In base 12, what is 362188 + -2?
362186
In base 5, what is 240144323 - -2?
240144330
In base 15, what is 2 + -e261?
-e25e
In base 16, what is 5 + 1c3d?
1c42
In base 15, what is -6 - 1723?
-1729
In base 3, what is 1100220200220 + 0?
1100220200220
In base 13, what is -3 + -209b?
-20a1
In base 13, what is 4 + -c0a?
-c06
In base 10, what is -1 + 234214?
234213
In base 8, what is 4 + -63226?
-63222
In base 13, what is -1 + -26cc2?
-26cc3
In base 12, what is a42 - 2a?
a14
In base 12, what is 11 + -53?
-42
In base 8, what is -7277 - 10?
-7307
In base 15, what is -11 - 35cd?
-35de
In base 15, what is 4 - 11d16?
-11d12
In base 10, what is 2107 - 77?
2030
In base 3, what is -12 - 200022200120?
-200022200202
In base 13, what is 1334152 + 3?
1334155
In base 16, what is -62 + -b66?
-bc8
In base 5, what is -2 + 132343?
132341
In base 13, what is -1 - 3492?
-3493
In base 5, what is 23 + -4142002?
-4141424
In base 13, what is -57 + 439?
3b2
In base 5, what is -4340 - -3014?
-1321
In base 15, what is -1b49b - 3?
-1b49e
In base 6, what is 2431 - 2?
2425
In base 4, what is -1 - 12123332?
-12123333
In base 8, what is 1435 + 34?
1471
In base 16, what is -8c + 1156?
10ca
In base 4, what is -100310101 - 3?
-100310110
In base 12, what is 31182 - 4?
3117a
In base 13, what is 28354 + -1a?
28337
In base 11, what is 2 - 33929?
-33927
In base 13, what is 4 + 347c82?
347c86
In base 10, what is 5 - -90159?
90164
In base 16, what is -26898 - -1?
-26897
In base 9, what is -2 + -12346?
-12348
In base 14, what is 2177c - 4?
21778
In base 10, what is -543404 - 4?
-543408
In base 2, what is -111001111111 - 100110100?
-111110110011
In base 5, what is -4 + 1422410?
1422401
In base 5, what is -242434243 + 4?
-242434234
In base 10, what is -1079060 - -5?
-1079055
In base 4, what is 211 - -32211?
33022
In base 15, what is -ada - 9b?
-b86
In base 11, what is -135 + 3087?
2a52
In base 7, what is 110615602 + -2?
110615600
In base 10, what is -3 - 43369?
-43372
In base 14, what is -1d3 + 20?
-1b3
In base 2, what is -111010001110 + 1001?
-111010000101
In base 6, what is 142331 + 2?
142333
In base 5, what is -20201112 - -3?
-20201104
In base 6, what is 5554140 + 3?
5554143
In base 7, what is 6 + 5222?
5231
In base 10, what is -2161 - -8?
-2153
In base 5, what is -4 - 334241124?
-334241133
In base 7, what is 1 + 55541?
55542
In base 12, what is 2 + -bb3bb?
-bb3b9
In base 8, what is -14 + -1422677?
-1422713
In base 11, what is 0 - 7266?
-7266
In base 15, what is 1 + -9bea?
-9be9
In base 8, what is -45 - -61213?
61146
In base 2, what is 101 + 10001100011010?
10001100011111
In base 8, what is -4 - 6045?
-6051
In base 6, what is 51120 + -10?
51110
In base 13, what is -23b3 - -28?
-2388
In base 10, what is 5221 - 168?
5053
In base 6, what is -3405 + 43?
-3322
In base 4, what is 2 + 1222331?
1222333
In base 13, what is -198 - -139?
-5c
In base 4, what is 303 - -331103?
332012
In base 15, what is 253 - -3d?
291
In base 12, what is -1806 - -1?
-1805
In base 2, what is 1100011010 - 101101111?
110101011
In base 3, what is 21 + -200022102?
-200022011
In base 11, what is 22 + 89817?
89839
In base 9, what is 17624 - 1?
17623
In base 9, what is 313 + -233?
70
In base 8, what is -314 - 6341?
-6655
In base 7, what is -402340 - 0?
-402340
In base 7, what is -3 + -55512?
-55515
In base 2, what is 1001010000000000000 - 111?
1001001111111111001
In base 9, what is -6 - 4315?
-4322
In base 15, what is 4a298 + -2?
4a296
In base 9, what is -2 - -60250?
60247
In base 4, what is 12302230 + -11?
12302213
In base 9, what is 21474 - 20?
21454
In base 6, what is 22 - -4040244?
4040310
In base 16, what is 3 + 1cb5?
1cb8
In base 4, what is -10 + -2102222102?
-2102222112
In base 3, what is -102100 + 21012?
-11011
In base 14, what is a0 + -6b3?
-613
In base 15, what is -40b63 - 1?
-40b64
In base 10, what is 4099 - 366?
3733
In base 4, what is -13020022 + -1?
-13020023
In base 16, what is -20ab + 5?
-20a6
In base 12, what is 1 + 5415?
5416
In base 13, what is 42 - -64c?
691
In base 4, what is 3221 + -33030?
-23203
In base 2, what is -101 + -1100110011100100?
-1100110011101001
In base 10, what is 1259 + 3?
1262
In base 15, what is 22 - -1a37?
1a59
In base 2, what is 100111001001010001 + 100?
100111001001010101
In base 13, what is 462c + -2?
462a
In base 12, what is -328 + 15?
-313
In base 5, what is -40 - 22010?
-22100
In base 9, what is -44573 - -2?
-44571
In base 7, what is 62 + -50603?
-50511
In base 14, what is -5 - -35ca8?
35ca3
In base 14, what is -149c21 - -3?
-149c1c
In base 4, what is 10002321 - -303?
10003230
In base 16, what is 2 + 3a3e?
3a40
In base 5, what is -103421331 + 2?
-103421324
In base 16, what is -a7 - 425?
-4cc
In base 9, what is 320665 + 6?
320672
In base 11, what is 3a + -166a?
-1630
In base 4, what is -1021133 + 10?
-1021123
In base 9, what is 3273 - -5?
3278
In base 13, what is -a14 + -1c?
-a33
In base 2, what is -1101101111101 + -11101011?
-1110001101000
In base 5, what is 2010334 + 3?
2010342
In base 16, what is 1d5 + 673?
848
In base 14, what is 845 + -2b9?
56a
In base 3, what is -11 + 110202211?
110202200
In base 12, what is -1a5 + 1b?
-186
In base 12, what is 3 - -173a15?
173a18
In base 15, what is 1b6b - -d?
1b79
In base 7, what is 5 + -42243?
-42235
In base 10, what is -27521 + 0?
-27521
In base 2, what is 1000011101000 + 101011110?
1001001000110
In base 7, what is 63503 - -1?
63504
In base 14, what is 3 - -20cd?
20d2
In base 5, what is 113210003 - 0?
113210003
In base 16, what is 41 + 1746?
1787
In base 12, what is -31b - -534?
215
In base 12, what is 82b - -2184?
29b3
In base 2, what is 1000 + 101000110010?
101000111010
In base 12, what is 21 - 44952?
-44931
In base 5, what is -1014202 - -44?
-1014103
In base 2, what is 110 - 1011000101110000?
-1011000101101010
In base 7, what is 212 + 256?
501
In base 14, what is 0 + 4d5b?
4d5b
In base 14, what is 23 - c02?
-bbd
In base 14, what is 19ca + 5?
19d1
In base 3, what is -11000022111000 + 10?
-11000022110220
In base 3, what is -11 - -211120010?
211112222
In base 11, what is 590 + -352?
239
In base 16, what is -2 - 1e2f?
-1e31
In base 13, what is -2b2 + 33c?
5a
In base 5, what is 10 + -232323?
-232313
In base 13, what is -2a683 - -1?
-2a682
In base 7, what is -15164 - -425?
-14436
In base 16, what is 130 - 8d8?
-7a8
In base 15, what is 11 + 1bda?
1beb
In base 16, what is -4 + -5560f?
-55613
In base 13, what is -84ac + 2?
-84aa
In base 10, what is 1365237 + 3?
1365240
In base 5, what is -421 - -233333?
232412
In base 15, what is -33a9 - 1b3?
-356c
In base 14, what is -80c7 + 2?
-80c5
In base 11, what is 37 + 1489?
1515
In base 2, what is 100100 - 1011110?
-111010
In base 5